{"id":702,"date":"2016-11-06T15:59:52","date_gmt":"2016-11-06T15:59:52","guid":{"rendered":"http:\/\/www.ofiset.es\/?page_id=702"},"modified":"2023-01-17T23:15:37","modified_gmt":"2023-01-17T21:15:37","slug":"consultoria-estrategica","status":"publish","type":"page","link":"http:\/\/www.ofiset.es\/index.php\/consultoria-estrategica\/","title":{"rendered":"Consultor\u00eda Estrat\u00e9gica"},"content":{"rendered":"<p>Somos especialistas en ofrecer soluciones eficaces a nuestros clientes. Desarrollamos esta tarea tanto desde el punto de vista de la organizaci\u00f3n interna de la empresa como de la puesta en valor de sus productos y servicios.<\/p>\n<p>Partimos con experiencia en la gesti\u00f3n y evaluaci\u00f3n de procesos productivos, ofreciendo soluciones eficientes. Facilitamos procesos de integraci\u00f3n empresarial, consorcios y asociacionismo en busca de la competitividad empresarial y optimizaci\u00f3n de los recursos.<\/p>\n<p>Adem\u00e1s, estamos especializados en la gesti\u00f3n internacional de la empresa, por lo que podemos asesorarle en su internacionalizaci\u00f3n. Realizamos estudios de mercado, analizamos sectores de actividad y proponemos soluciones innovadoras en marketing y desarrollo de negocio.<\/p>\n<p>Ofrecemos servicios personalizados para que su empresa disponga del mejor partner comercial en cualquier lugar del mundo.<\/p>\n<p><strong>Tenemos la capacidad y los recursos para ofrecerle soluciones integrales as\u00ed como asesoramiento t\u00e9cnico avanzado para facilitar su toma de decisiones.<\/strong><\/p>\n<p>&nbsp;<\/p>\n<div class=\"column-1_ sc_column_item sc_column_item_ even\"><h2 class=\"sc_title sc_title_regular margin_bottom_tiny\">Consultor\u00eda estrat\u00e9gica<\/h2>[vc_column_text]<strong>Comercializaci\u00f3n<\/strong>[\/vc_column_text]<div class=\"sc_line sc_line_position_center_center sc_line_style_dotted\" style=\"margin-bottom: 0.5rem !important; margin-top: 1.4rem !important;border-top-style:dotted;\"><\/div><ul class=\"sc_list sc_list_style_ul\"><li class=\"sc_list_item odd first\" style=\"color:#1e73be;\" title=\"Estudios y An\u00e1lisis sectoriales\"><span>Estudios y An\u00e1lisis sectoriales<\/span><\/li><li class=\"sc_list_item even\" style=\"color:#1e73be;\" title=\"Comercializaci\u00f3n e internacionalizaci\u00f3n\"><span>Comercializaci\u00f3n e internacionalizaci\u00f3n<\/span><\/li><\/ul>[vc_column_text]<strong>Competitividad\u00a0y dinamizaci\u00f3n<\/strong>[\/vc_column_text]<div class=\"sc_line sc_line_position_center_center sc_line_style_dotted\" style=\"margin-bottom: 0.5rem !important; margin-top: 1.4rem !important;border-top-style:dotted;\"><\/div><ul class=\"sc_list sc_list_style_ul\"><li class=\"sc_list_item odd first\" style=\"color:#1e73be;\" title=\"Eficacia operativa\"><span>Eficacia operativa<\/span><\/li><li class=\"sc_list_item even\" style=\"color:#1e73be;\" title=\"Crecimiento y concentraci\u00f3n\"><span>Crecimiento y concentraci\u00f3n<\/span><\/li><li class=\"sc_list_item odd\" style=\"color:#1e73be;\" title=\"Asociacionismo\"><span>Asociacionismo<\/span><\/li><\/ul><\/div>\n<p>&nbsp;<\/p>\n","protected":false},"excerpt":{"rendered":"<p>Somos especialistas en ofrecer soluciones eficaces a nuestros clientes. Desarrollamos esta tarea tanto desde el punto de vista de la organizaci\u00f3n interna de la empresa como de la puesta en valor de sus productos y servicios. Partimos con experiencia en la gesti\u00f3n y evaluaci\u00f3n de procesos productivos, ofreciendo soluciones eficientes. Facilitamos procesos de integraci\u00f3n empresarial, [&hellip;]<\/p>\n","protected":false},"author":1,"featured_media":0,"parent":0,"menu_order":0,"comment_status":"closed","ping_status":"closed","template":"","meta":[],"_links":{"self":[{"href":"http:\/\/www.ofiset.es\/index.php\/wp-json\/wp\/v2\/pages\/702"}],"collection":[{"href":"http:\/\/www.ofiset.es\/index.php\/wp-json\/wp\/v2\/pages"}],"about":[{"href":"http:\/\/www.ofiset.es\/index.php\/wp-json\/wp\/v2\/types\/page"}],"author":[{"embeddable":true,"href":"http:\/\/www.ofiset.es\/index.php\/wp-json\/wp\/v2\/users\/1"}],"replies":[{"embeddable":true,"href":"http:\/\/www.ofiset.es\/index.php\/wp-json\/wp\/v2\/comments?post=702"}],"version-history":[{"count":16,"href":"http:\/\/www.ofiset.es\/index.php\/wp-json\/wp\/v2\/pages\/702\/revisions"}],"predecessor-version":[{"id":1027,"href":"http:\/\/www.ofiset.es\/index.php\/wp-json\/wp\/v2\/pages\/702\/revisions\/1027"}],"wp:attachment":[{"href":"http:\/\/www.ofiset.es\/index.php\/wp-json\/wp\/v2\/media?parent=702"}],"curies":[{"name":"wp","href":"https:\/\/api.w.org\/{rel}","templated":true}]}}

Consultoría Estratégica

<p>Somos especialistas en ofrecer soluciones eficaces a nuestros clientes. Desarrollamos esta tarea tanto desde el punto de vista de la organización interna de la empresa como de la puesta en valor de sus productos y servicios.</p>
<p>Partimos con experiencia en la gestión y evaluación de procesos productivos, ofreciendo soluciones eficientes. Facilitamos procesos de integración empresarial, consorcios y asociacionismo en busca de la competitividad empresarial y optimización de los recursos.</p>
<p>Además, estamos especializados en la gestión internacional de la empresa, por lo que podemos asesorarle en su internacionalización. Realizamos estudios de mercado, analizamos sectores de actividad y proponemos soluciones innovadoras en marketing y desarrollo de negocio.</p>
<p>Ofrecemos servicios personalizados para que su empresa disponga del mejor partner comercial en cualquier lugar del mundo.</p>
<p><strong>Tenemos la capacidad y los recursos para ofrecerle soluciones integrales así como asesoramiento técnico avanzado para facilitar su toma de decisiones.</strong></p>
<p>&nbsp;</p>
<div class="column-1_ sc_column_item sc_column_item_ even"><h2 class="sc_title sc_title_regular margin_bottom_tiny">Consultoría estratégica</h2>[vc_column_text]<strong>Comercialización</strong>[/vc_column_text]<div class="sc_line sc_line_position_center_center sc_line_style_dotted" style="margin-bottom: 0.5rem !important; margin-top: 1.4rem !important;border-top-style:dotted;"></div><ul class="sc_list sc_list_style_ul"><li class="sc_list_item odd first" style="color:#1e73be;" title="Estudios y Análisis sectoriales"><span>Estudios y Análisis sectoriales</span></li><li class="sc_list_item even" style="color:#1e73be;" title="Comercialización e internacionalización"><span>Comercialización e internacionalización</span></li></ul>[vc_column_text]<strong>Competitividad y dinamización</strong>[/vc_column_text]<div class="sc_line sc_line_position_center_center sc_line_style_dotted" style="margin-bottom: 0.5rem !important; margin-top: 1.4rem !important;border-top-style:dotted;"></div><ul class="sc_list sc_list_style_ul"><li class="sc_list_item odd first" style="color:#1e73be;" title="Eficacia operativa"><span>Eficacia operativa</span></li><li class="sc_list_item even" style="color:#1e73be;" title="Crecimiento y concentración"><span>Crecimiento y concentración</span></li><li class="sc_list_item odd" style="color:#1e73be;" title="Asociacionismo"><span>Asociacionismo</span></li></ul></div>
<p>&nbsp;</p>

<p>Somos especialistas en ofrecer soluciones eficaces a nuestros clientes. Desarrollamos esta tarea tanto desde el punto de vista de la organización interna de la empresa como de la puesta en valor de sus productos y servicios. Partimos con experiencia en la gestión y evaluación de procesos productivos, ofreciendo soluciones eficientes. Facilitamos procesos de integración empresarial, [&hellip;]</p>
