{"id":724,"date":"2016-11-06T16:41:27","date_gmt":"2016-11-06T16:41:27","guid":{"rendered":"http:\/\/www.ofiset.es\/?page_id=724"},"modified":"2018-02-13T19:16:11","modified_gmt":"2018-02-13T17:16:11","slug":"empresa","status":"publish","type":"page","link":"http:\/\/www.ofiset.es\/index.php\/empresa\/","title":{"rendered":"Empresa"},"content":{"rendered":"<h2>Acerca de nosotros<\/h2>\n<p>&nbsp;<\/p>\n<p>Queremos compartir con todos vosotros nuestra misi\u00f3n, visi\u00f3n y valores.<\/p>\n<p>Nuestra filosof\u00eda: una\u00a0metodolog\u00eda para conseguir el prop\u00f3sito.<\/p>\n<p>Nuestro trabajo ha de ser honesto, transparente y profesional;<\/p>\n<p>siempre pensando en el cliente y su \u00e9xito en su oficio.<\/p>\n<p>&nbsp;<\/p>\n<p><span style=\"color: #5781ff;\"><strong>\u00a0 \u00a0 \u00a0 \u00a0 \u00a0 Competitividad,\u00a0<\/strong><\/span><span style=\"color: #5781ff;\"><strong>Crecimiento y\u00a0<\/strong><\/span><span style=\"color: #5781ff;\"><strong>Sostenibilidad<br \/>\n<\/strong><\/span><\/p>\n<p><span style=\"color: #5781ff;\"><strong>\u00a0 \u00a0 \u00a0 \u00a0 \u00a0 \u00a0 \u00a0 \u00a0 \u00a0 \u00a0 \u00a0 \u00a0 \u00a0 \u00a0<\/strong><\/span><span style=\"color: #5781ff;\"><strong><span style=\"color: #84a2fa;\">Tu \u00e9xito<\/span>, nuestro futuro.<\/strong><\/span><\/p>\n<p><span style=\"color: #5781ff;\"><strong>\u00a0 \u00a0 \u00a0 \u00a0 \u00a0 \u00a0 \u00a0 \u00a0 \u00a0 \u00a0 \u00a0 \u00a0 \u00a0 \u00a0<span style=\"color: #84a2fa;\">Tu\u00a0futuro<\/span>, nuestro \u00e9xito.\u00a0 \u00a0 \u00a0 \u00a0 \u00a0 \u00a0 \u00a0 \u00a0 \u00a0 \u00a0 \u00a0<\/strong><\/span><span style=\"color: #5781ff;\"><strong>\u00a0 \u00a0 \u00a0 \u00a0 \u00a0 \u00a0 \u00a0 \u00a0 \u00a0 \u00a0 \u00a0 \u00a0 \u00a0 \u00a0 \u00a0 \u00a0 \u00a0<\/strong><\/span><\/p>\n","protected":false},"excerpt":{"rendered":"<p>Acerca de nosotros &nbsp; Queremos compartir con todos vosotros nuestra misi\u00f3n, visi\u00f3n y valores. Nuestra filosof\u00eda: una\u00a0metodolog\u00eda para conseguir el prop\u00f3sito. Nuestro trabajo ha de ser honesto, transparente y profesional; siempre pensando en el cliente y su \u00e9xito en su oficio. &nbsp; \u00a0 \u00a0 \u00a0 \u00a0 \u00a0 Competitividad,\u00a0Crecimiento y\u00a0Sostenibilidad \u00a0 \u00a0 \u00a0 \u00a0 \u00a0 \u00a0 [&hellip;]<\/p>\n","protected":false},"author":1,"featured_media":0,"parent":0,"menu_order":0,"comment_status":"closed","ping_status":"closed","template":"","meta":[],"_links":{"self":[{"href":"http:\/\/www.ofiset.es\/index.php\/wp-json\/wp\/v2\/pages\/724"}],"collection":[{"href":"http:\/\/www.ofiset.es\/index.php\/wp-json\/wp\/v2\/pages"}],"about":[{"href":"http:\/\/www.ofiset.es\/index.php\/wp-json\/wp\/v2\/types\/page"}],"author":[{"embeddable":true,"href":"http:\/\/www.ofiset.es\/index.php\/wp-json\/wp\/v2\/users\/1"}],"replies":[{"embeddable":true,"href":"http:\/\/www.ofiset.es\/index.php\/wp-json\/wp\/v2\/comments?post=724"}],"version-history":[{"count":6,"href":"http:\/\/www.ofiset.es\/index.php\/wp-json\/wp\/v2\/pages\/724\/revisions"}],"predecessor-version":[{"id":878,"href":"http:\/\/www.ofiset.es\/index.php\/wp-json\/wp\/v2\/pages\/724\/revisions\/878"}],"wp:attachment":[{"href":"http:\/\/www.ofiset.es\/index.php\/wp-json\/wp\/v2\/media?parent=724"}],"curies":[{"name":"wp","href":"https:\/\/api.w.org\/{rel}","templated":true}]}}